tors of 553.
7, 79
List the prime factors of 981.
3, 109
What are the prime factors of 914?
2, 457
List the prime factors of 5618.
2, 53
List the prime factors of 36037.
36037
List the prime factors of 9058.
2, 7, 647
List the prime factors of 95400.
2, 3, 5, 53
List the prime factors of 442.
2, 13, 17
What are the prime factors of 1482?
2, 3, 13, 19
List the prime factors of 45189.
3, 5021
What are the prime factors of 5026?
2, 7, 359
List the prime factors of 930.
2, 3, 5, 31
What are the prime factors of 21786?
2, 3, 3631
List the prime factors of 2225.
5, 89
List the prime factors of 35060.
2, 5, 1753
List the prime factors of 32942.
2, 7, 13, 181
List the prime factors of 102.
2, 3, 17
What are the prime factors of 11212?
2, 2803
List the prime factors of 25480.
2, 5, 7, 13
List the prime factors of 59.
59
List the prime factors of 6139.
7, 877
What are the prime factors of 5631?
3, 1877
What are the prime factors of 157065?
3, 5, 37, 283
What are the prime factors of 3911?
3911
List the prime factors of 21390.
2, 3, 5, 23, 31
What are the prime factors of 1049?
1049
List the prime factors of 18598.
2, 17, 547
What are the prime factors of 3514?
2, 7, 251
What are the prime factors of 12456?
2, 3, 173
What are the prime factors of 1877?
1877
What are the prime factors of 1529?
11, 139
What are the prime factors of 17193?
3, 11, 521
List the prime factors of 492.
2, 3, 41
List the prime factors of 13509.
3, 19, 79
List the prime factors of 866.
2, 433
List the prime factors of 530.
2, 5, 53
What are the prime factors of 5068?
2, 7, 181
What are the prime factors of 4758?
2, 3, 13, 61
List the prime factors of 28815.
3, 5, 17, 113
List the prime factors of 4413.
3, 1471
List the prime factors of 756.
2, 3, 7
What are the prime factors of 507?
3, 13
What are the prime factors of 1027?
13, 79
List the prime factors of 40395.
3, 5, 2693
List the prime factors of 34554.
2, 3, 13, 443
List the prime factors of 4389.
3, 7, 11, 19
List the prime factors of 1047.
3, 349
What are the prime factors of 8274?
2, 3, 7, 197
What are the prime factors of 940?
2, 5, 47
List the prime factors of 230.
2, 5, 23
What are the prime factors of 4525?
5, 181
List the prime factors of 321.
3, 107
List the prime factors of 8528.
2, 13, 41
List the prime factors of 673.
673
List the prime factors of 11400.
2, 3, 5, 19
List the prime factors of 2105.
5, 421
What are the prime factors of 1927?
41, 47
List the prime factors of 1944.
2, 3
What are the prime factors of 2863?
7, 409
What are the prime factors of 142726?
2, 71363
List the prime factors of 761.
761
What are the prime factors of 1206?
2, 3, 67
List the prime factors of 13694.
2, 41, 167
What are the prime factors of 1820?
2, 5, 7, 13
List the prime factors of 59698.
2, 19, 1571
List the prime factors of 2157.
3, 719
List the prime factors of 48041.
7, 6863
List the prime factors of 121795.
5, 24359
List the prime factors of 91571.
91571
List the prime factors of 7184.
2, 449
List the prime factors of 4704.
2, 3, 7
What are the prime factors of 13118?
2, 7, 937
What are the prime factors of 400?
2, 5
What are the prime factors of 820?
2, 5, 41
List the prime factors of 1938.
2, 3, 17, 19
What are the prime factors of 202487?
17, 43, 277
List the prime factors of 50734.
2, 25367
List the prime factors of 63853.
63853
List the prime factors of 591.
3, 197
List the prime factors of 469.
7, 67
What are the prime factors of 122?
2, 61
What are the prime factors of 1378?
2, 13, 53
What are the prime factors of 15324?
2, 3, 1277
What are the prime factors of 10290?
2, 3, 5, 7
What are the prime factors of 313?
313
What are the prime factors of 657?
3, 73
List the prime factors of 963.
3, 107
List the prime factors of 26276.
2, 6569
What are the prime factors of 2524?
2, 631
What are the prime factors of 569?
569
What are the prime factors of 693?
3, 7, 11
List the prime factors of 1611.
3, 179
List the prime factors of 7311.
3, 2437
What are the prime factors of 1371?
3, 457
List the prime factors of 129.
3, 43
List the prime factors of 14321.
14321
What are the prime factors of 16390?
2, 5, 11, 149
What are the prime factors of 18991?
7, 2713
List the prime factors of 48380.
2, 5, 41, 59
List the prime factors of 16885.
5, 11, 307
List the prime factors of 1025.
5, 41
What are the prime factors of 2501?
41, 61
What are the prime factors of 5038?
2, 11, 229
List the prime factors of 10172.
2, 2543
What are the prime factors of 13112?
2, 11, 149
What are the prime factors of 12387?
3, 4129
What are the prime factors of 2519?
11, 229
What are the prime factors of 2698?
2, 19, 71
What are the prime factors of 7898?
2, 11, 359
What are the prime factors of 1485?
3, 5, 11
List the prime factors of 1451.
1451
What are the prime factors of 13129?
19, 691
What are the prime factors of 1702?
2, 23, 37
List the prime factors of 1530.
2, 3, 5, 17
List the prime factors of 7155.
3, 5, 53
What are the prime factors of 46923?
3, 15641
List the prime factors of 237.
3, 79
List the prime factors of 1266.
2, 3, 211
List the prime factors of 8540.
2, 5, 7, 61
What are the prime factors of 76561?
76561
What are the prime factors of 36974?
2, 7, 19, 139
List the prime factors of 1174.
2, 587
What are the prime factors of 15205?
5, 3041
What are the prime factors of 35785?
5, 17, 421
List the prime factors of 3543.
3, 1181
List the prime factors of 23811.
3, 7937
What are the prime factors of 2452?
2, 613
What are the prime factors of 1163?
1163
List the prime factors of 18617.
18617
List the prime factors of 26273.
13, 43, 47
What are the prime factors of 27848?
2, 59
What are the prime factors of 49835?
5, 9967
List the prime factors of 2118.
2, 3, 353
What are the prime factors of 85?
5, 17
What are the prime factors of 99?
3, 11
What are the prime factors of 4919?
4919
List the prime factors of 2107.
7, 43
List the prime factors of 131.
131
List the prime factors of 9.
3
List the prime factors of 24678.
2, 3, 457
List the prime factors of 979.
11, 89
What are the prime factors of 20289?
3, 6763
List the prime factors of 1890.
2, 3, 5, 7
List the prime factors of 6158.
2, 3079
What are the prime factors of 5966?
2, 19, 157
What are the prime factors of 14287?
7, 13, 157
What are the prime factors of 31519?
43, 733
What are the prime factors of 107614?
2, 13, 4139
What are the prime factors of 42833?
7, 29, 211
What are the prime factors of 558?
2, 3, 31
What are the prime factors of 702?
2, 3, 13
List the prime factors of 18551.
13, 1427
What are the prime factors of 2993?
41, 73
What are the prime factors of 7876?
2, 11, 179
List the prime factors of 7175.
5, 7, 41
What are the prime factors of 68525?
5, 2741
What are the prime factors of 6540?
2, 3, 5, 109
What are the prime factors of 620?
2, 5, 31
List the prime factors of 18924.
2, 3, 19, 83
What are the prime factors of 2316?
2, 3, 193
List the prime factors of 24285.
3, 5, 1619
List the prime factors of 1583.
1583
List the prime factors of 39006.
2, 3, 11, 197
What are the prime factors of 38279?
101, 379
What are the prime factors of 46593?
3, 31, 167
List the prime factors of 25003.
11, 2273
What are the prime factors of 901?
17, 53
List the prime factors of 345.
3, 5, 23
What are the prime factors of 5617?
41, 137
What are the prime factors of 68996?
2, 47, 367
List the prime factors of 645.
3, 5, 43
List the prime factors of 24690.
2, 3, 5, 823
What are the prime factors of 2677?
2677
What are the prime factors of 43163?
17, 2539
List the prime factors of 810.
2, 3, 5
List the prime factors of 60565.
5, 12113
What are the prime factors of 714?
2, 3, 7, 17
What are the prime factors of 25753?
7, 13, 283
List the prime factors of 8471.
43, 197
What are the prime factors of 3846?
2, 3, 641
What are the prime factors of 3977?
41, 97
List the prime factors of 13011.
3, 4337
What are the prime factors of 3663?
3, 11, 37
List the prime factors of 281.
281
What are the prime factors of 39769?
39769
List the prime factors of 5893.
71, 83
List the prime factors of 32058.
2, 3, 13, 137
List the prime factors of 1339.
13, 103
What are the prime factors of 2520?
2, 3, 5, 7
List the prime factors of 68822.
2, 13, 2647
What are the prime factors of 1787?
1787
List the prime factors o